{"id":8,"date":"2011-04-14T06:53:30","date_gmt":"2011-04-14T06:53:30","guid":{"rendered":"http:\/\/www.handu.fi\/ilonakorhonen\/?page_id=8"},"modified":"2015-09-04T11:19:18","modified_gmt":"2015-09-04T11:19:18","slug":"cv","status":"publish","type":"page","link":"https:\/\/www.handu.fi\/ilonakorhonen\/kuka-mita\/cv\/","title":{"rendered":"CV"},"content":{"rendered":"<p>Sivu on p\u00e4ivittett\u00e4v\u00e4n\u00e4<\/p>\n","protected":false},"excerpt":{"rendered":"<p>Sivu on p\u00e4ivittett\u00e4v\u00e4n\u00e4<\/p>\n","protected":false},"author":1,"featured_media":0,"parent":525,"menu_order":0,"comment_status":"open","ping_status":"open","template":"","meta":[],"_links":{"self":[{"href":"https:\/\/www.handu.fi\/ilonakorhonen\/wp-json\/wp\/v2\/pages\/8"}],"collection":[{"href":"https:\/\/www.handu.fi\/ilonakorhonen\/wp-json\/wp\/v2\/pages"}],"about":[{"href":"https:\/\/www.handu.fi\/ilonakorhonen\/wp-json\/wp\/v2\/types\/page"}],"author":[{"embeddable":true,"href":"https:\/\/www.handu.fi\/ilonakorhonen\/wp-json\/wp\/v2\/users\/1"}],"replies":[{"embeddable":true,"href":"https:\/\/www.handu.fi\/ilonakorhonen\/wp-json\/wp\/v2\/comments?post=8"}],"version-history":[{"count":23,"href":"https:\/\/www.handu.fi\/ilonakorhonen\/wp-json\/wp\/v2\/pages\/8\/revisions"}],"predecessor-version":[{"id":545,"href":"https:\/\/www.handu.fi\/ilonakorhonen\/wp-json\/wp\/v2\/pages\/8\/revisions\/545"}],"up":[{"embeddable":true,"href":"https:\/\/www.handu.fi\/ilonakorhonen\/wp-json\/wp\/v2\/pages\/525"}],"wp:attachment":[{"href":"https:\/\/www.handu.fi\/ilonakorhonen\/wp-json\/wp\/v2\/media?parent=8"}],"curies":[{"name":"wp","href":"https:\/\/api.w.org\/{rel}","templated":true}]}}