{"id":439,"date":"2014-04-04T08:11:48","date_gmt":"2014-04-04T08:11:48","guid":{"rendered":"http:\/\/www.handu.fi\/ilonakorhonen\/?page_id=439"},"modified":"2015-09-04T11:19:19","modified_gmt":"2015-09-04T11:19:19","slug":"kuuntele","status":"publish","type":"page","link":"https:\/\/www.handu.fi\/ilonakorhonen\/kuka-mita\/kuuntele\/","title":{"rendered":"kuuntele"},"content":{"rendered":"<div>\n<div>\n<p><a href=\"https:\/\/soundcloud.com\/ilona-k-rh-in\/ilona-korhonen-palkintosoolo\">Palkintosoolo 19.3.2014<\/a><\/p>\n<p>Palkintosoolo  Iki-Turso &#8211; jo 15 vuotta runolaulun j\u00e4ljill\u00e4! -konsertista. Voitin  kilpalaulun esiintyj\u00e4toverien kesken ja sain yll\u00e4tyspalkinnoksi laulaa  soolon. Lauloin improvisoiden vanhan inkeril\u00e4isen tekstin modernista aiheesta, parisuhdev\u00e4kivallasta.<\/p>\n<p>This  solo was sang in 15 years jubilee concert of Iki-Turso. This is  surprice solo after winning runosong race. Text is ancient  Finnish\/Ingrian and theme is of violence between family members.<\/p>\n<\/div>\n<\/div>\n","protected":false},"excerpt":{"rendered":"<p>Palkintosoolo 19.3.2014 Palkintosoolo Iki-Turso &#8211; jo 15 vuotta runolaulun j\u00e4ljill\u00e4! -konsertista. Voitin kilpalaulun esiintyj\u00e4toverien kesken ja sain yll\u00e4tyspalkinnoksi laulaa soolon. Lauloin improvisoiden vanhan inkeril\u00e4isen tekstin modernista aiheesta, parisuhdev\u00e4kivallasta. This solo was sang in 15 years jubilee concert of Iki-Turso. This is surprice solo after winning runosong race. Text is ancient Finnish\/Ingrian and theme is of &hellip; <\/p>\n<p class=\"link-more\"><a href=\"https:\/\/www.handu.fi\/ilonakorhonen\/kuka-mita\/kuuntele\/\" class=\"more-link\">Jatka lukemista<span class=\"screen-reader-text\"> &#8221;kuuntele&#8221;<\/span><\/a><\/p>\n","protected":false},"author":1,"featured_media":0,"parent":525,"menu_order":0,"comment_status":"closed","ping_status":"open","template":"","meta":[],"_links":{"self":[{"href":"https:\/\/www.handu.fi\/ilonakorhonen\/wp-json\/wp\/v2\/pages\/439"}],"collection":[{"href":"https:\/\/www.handu.fi\/ilonakorhonen\/wp-json\/wp\/v2\/pages"}],"about":[{"href":"https:\/\/www.handu.fi\/ilonakorhonen\/wp-json\/wp\/v2\/types\/page"}],"author":[{"embeddable":true,"href":"https:\/\/www.handu.fi\/ilonakorhonen\/wp-json\/wp\/v2\/users\/1"}],"replies":[{"embeddable":true,"href":"https:\/\/www.handu.fi\/ilonakorhonen\/wp-json\/wp\/v2\/comments?post=439"}],"version-history":[{"count":4,"href":"https:\/\/www.handu.fi\/ilonakorhonen\/wp-json\/wp\/v2\/pages\/439\/revisions"}],"predecessor-version":[{"id":547,"href":"https:\/\/www.handu.fi\/ilonakorhonen\/wp-json\/wp\/v2\/pages\/439\/revisions\/547"}],"up":[{"embeddable":true,"href":"https:\/\/www.handu.fi\/ilonakorhonen\/wp-json\/wp\/v2\/pages\/525"}],"wp:attachment":[{"href":"https:\/\/www.handu.fi\/ilonakorhonen\/wp-json\/wp\/v2\/media?parent=439"}],"curies":[{"name":"wp","href":"https:\/\/api.w.org\/{rel}","templated":true}]}}