{"id":393,"date":"2013-09-16T07:52:34","date_gmt":"2013-09-16T07:52:34","guid":{"rendered":"http:\/\/www.handu.fi\/ilonakorhonen\/?page_id=393"},"modified":"2015-09-07T12:52:33","modified_gmt":"2015-09-07T12:52:33","slug":"referenssit","status":"publish","type":"page","link":"https:\/\/www.handu.fi\/ilonakorhonen\/referenssit\/","title":{"rendered":"referenssit"},"content":{"rendered":"<p>&#8221;Ilona Korhosen lumoava ja vilpit\u00f6n runonlaulutyyli  iskee modernin ihmisen alitajuntaan  nostaen pintaan jotain esi-isiemme   musikaalisesta perinteest\u00e4, joka ei j\u00e4t\u00e4 kuulijaa kylm\u00e4ksi. Itselleni  parasta Ilonan esityksi\u00e4 kuunnellessa on ollut se tajunnanvirran mukana  kylpeminen, jossa kuulijakin unohtaa ajan tajun ja p\u00e4\u00e4see johonkin  selitt\u00e4m\u00e4tt\u00f6m\u00e4\u00e4n olemisen tilaan. &#8221;<\/p>\n<p>&#8211; Anu Komsi, laulutaiteilija, West Coast Kokkola Operan taiteellinen johtaja, oopperaohjaaja<\/p>\n<p>*<\/p>\n<p>&#8221;Juminkeolla on ollut ilo k\u00e4ytt\u00e4\u00e4 Ilona Korhosen monialaosaamista ja taitoja monen vuoden aikana monella eri alalla: esiintyv\u00e4n\u00e4 laulajana, s\u00e4velt\u00e4j\u00e4n\u00e4 ja nuottien puhtaaksikirjoittajana.\u00a0 Pisteet 10\/10 sek\u00e4 teknisest\u00e4 osaamisesta ett\u00e4 taiteellisesta vaikutelmasta!&#8221;<\/p>\n<p>&#8211; Sirpa Nieminen, toiminnanjohtaja, Juminkeko-s\u00e4\u00e4ti\u00f6<\/p>\n<p>*<\/p>\n<p>&#8221;Slavonic Tractorin ja Ilonan yhteisty\u00f6 sujui  loistavasti. Ilonan asiantuntemus sek\u00e4 kansanmusiikista ett\u00e4  kuoromusiikista oli meille juuri t\u00e4ydellinen yhdistelm\u00e4, kun h\u00e4n toimi  esikoislevymme tuottajana. H\u00e4nelt\u00e4 my\u00f6hemmin tilaamamme kuoroteos on  saanut paljon kehuja yleis\u00f6lt\u00e4. Ilonan kanssa teemme mieluusti  yhteisty\u00f6t\u00e4 jatkossakin.&#8221;<\/p>\n<p>&#8211; Anna-Maija Ihander, Slavonic Tractor<\/p>\n<p>*<\/p>\n<p>&#8221;Ilona Korhosella on erityinen taito vangita  kuulijansa runolaulun maailmaan. H\u00e4nen tulkintansa ovat vahvoja,  el\u00e4myksellisi\u00e4 ja osuvat ihmisen ytimeen.<\/p>\n<p>Kuoronjohtajana Ilonalla on taito innostaa laulajat yhteisen tavoitteen  suuntaisesti. Vahva kokemus, n\u00e4kemys ja valmentava ote tuovat tekemiseen  linjakkuutta ja helppoutta, joka kuuluu lopputuloksessa.&#8221;<\/p>\n<p>&#8211; Marjo Risku, luova johtaja, Leader On Ltd. Helsinki<\/p>\n<p>*<\/p>\n<p>&#8221;Ilonan kanssa on ilo musisoida ja tehd\u00e4 t\u00f6it\u00e4;  silloin r\u00e4iskyy ja tapahtuu! Yhteisty\u00f6mme tuloksena on syntynyt  yht\u00e4aikaa herkki\u00e4, asiantuntevia, taiteellisia, intellektuelleja ja  sopivalla tavalla rahvaanomaisia sek\u00e4 kahjoja projekteja.&#8221;<\/p>\n<p>&#8211; Heidi  Haapoja, FM, MuM, tutkija, muusikko<\/p>\n<p>*<\/p>\n<p>&#8221;Olen ty\u00f6skennellyt Ilun kanssa jo usean vuoden ajan ja aion ty\u00f6skennell\u00e4 jatkossakin. Kommunikointi on helppoa ja rentoa, aineistot tulevat aikanaan ja sis\u00e4lt\u00f6 vastaa odotuksia. Huippumuikkelis!&#8221;<\/p>\n<p>&#8211; Tiina Aalto, toimitusp\u00e4\u00e4llikk\u00f6, Taito-lehti<\/p>\n<p>*<\/p>\n<p>*<\/p>\n<p>Lis\u00e4\u00e4 p\u00e4ivitet\u00e4\u00e4n!<br \/>\nJos haluat oman suosituksesi julkaistavan t\u00e4ss\u00e4, ota yhteytt\u00e4! ilona@aania.fi<\/p>\n","protected":false},"excerpt":{"rendered":"<p>&#8221;Ilona Korhosen lumoava ja vilpit\u00f6n runonlaulutyyli iskee modernin ihmisen alitajuntaan nostaen pintaan jotain esi-isiemme musikaalisesta perinteest\u00e4, joka ei j\u00e4t\u00e4 kuulijaa kylm\u00e4ksi. Itselleni parasta Ilonan esityksi\u00e4 kuunnellessa on ollut se tajunnanvirran mukana kylpeminen, jossa kuulijakin unohtaa ajan tajun ja p\u00e4\u00e4see johonkin selitt\u00e4m\u00e4tt\u00f6m\u00e4\u00e4n olemisen tilaan. &#8221; &#8211; Anu Komsi, laulutaiteilija, West Coast Kokkola Operan taiteellinen johtaja, oopperaohjaaja &hellip; <\/p>\n<p class=\"link-more\"><a href=\"https:\/\/www.handu.fi\/ilonakorhonen\/referenssit\/\" class=\"more-link\">Jatka lukemista<span class=\"screen-reader-text\"> &#8221;referenssit&#8221;<\/span><\/a><\/p>\n","protected":false},"author":1,"featured_media":0,"parent":0,"menu_order":7,"comment_status":"open","ping_status":"closed","template":"","meta":[],"_links":{"self":[{"href":"https:\/\/www.handu.fi\/ilonakorhonen\/wp-json\/wp\/v2\/pages\/393"}],"collection":[{"href":"https:\/\/www.handu.fi\/ilonakorhonen\/wp-json\/wp\/v2\/pages"}],"about":[{"href":"https:\/\/www.handu.fi\/ilonakorhonen\/wp-json\/wp\/v2\/types\/page"}],"author":[{"embeddable":true,"href":"https:\/\/www.handu.fi\/ilonakorhonen\/wp-json\/wp\/v2\/users\/1"}],"replies":[{"embeddable":true,"href":"https:\/\/www.handu.fi\/ilonakorhonen\/wp-json\/wp\/v2\/comments?post=393"}],"version-history":[{"count":15,"href":"https:\/\/www.handu.fi\/ilonakorhonen\/wp-json\/wp\/v2\/pages\/393\/revisions"}],"predecessor-version":[{"id":399,"href":"https:\/\/www.handu.fi\/ilonakorhonen\/wp-json\/wp\/v2\/pages\/393\/revisions\/399"}],"wp:attachment":[{"href":"https:\/\/www.handu.fi\/ilonakorhonen\/wp-json\/wp\/v2\/media?parent=393"}],"curies":[{"name":"wp","href":"https:\/\/api.w.org\/{rel}","templated":true}]}}